What are the prime factors of 6015184?
2, 7, 43, 1249
List the prime factors of 631750.
2, 5, 7, 19
What are the prime factors of 3888640?
2, 5, 7, 31
What are the prime factors of 661731?
3, 7, 31511
What are the prime factors of 70441?
7, 29, 347
List the prime factors of 826463.
11, 75133
What are the prime factors of 313641?
3, 34849
List the prime factors of 23260868.
2, 59, 98563
List the prime factors of 1768710.
2, 3, 5, 19, 29, 107
List the prime factors of 6214866.
2, 3, 7, 21139
What are the prime factors of 7817518?
2, 17, 31, 7417
What are the prime factors of 72218?
2, 36109
What are the prime factors of 607308?
2, 3, 13, 17, 229
What are the prime factors of 184929?
3, 61643
List the prime factors of 9544231.
773, 12347
List the prime factors of 585092.
2, 146273
List the prime factors of 787568.
2, 49223
List the prime factors of 5974175.
5, 238967
List the prime factors of 1920067.
131, 14657
List the prime factors of 43474.
2, 21737
List the prime factors of 1175100.
2, 3, 5, 3917
What are the prime factors of 200576?
2, 1567
List the prime factors of 11330057.
181, 62597
What are the prime factors of 294550?
2, 5, 43, 137
List the prime factors of 3105755.
5, 29, 21419
What are the prime factors of 38303860?
2, 5, 7, 107, 2557
What are the prime factors of 660011?
11, 29, 2069
List the prime factors of 2614910.
2, 5, 109, 2399
List the prime factors of 2091741.
3, 29, 24043
What are the prime factors of 412955?
5, 82591
What are the prime factors of 2864635?
5, 572927
List the prime factors of 665882.
2, 7, 47563
What are the prime factors of 26944561?
7, 191, 2879
List the prime factors of 281244.
2, 3, 23, 1019
List the prime factors of 1650688.
2, 13, 31
List the prime factors of 13903704.
2, 3, 59, 1091
List the prime factors of 8130785.
5, 13, 67, 1867
List the prime factors of 26405060.
2, 5, 11, 19, 6317
What are the prime factors of 181745?
5, 163, 223
What are the prime factors of 12109640?
2, 5, 131, 2311
What are the prime factors of 3202342?
2, 11, 13, 11197
What are the prime factors of 5996830?
2, 5, 7, 85669
List the prime factors of 406443.
3, 61, 2221
List the prime factors of 325043.
325043
What are the prime factors of 376043?
29, 12967
What are the prime factors of 176452?
2, 31, 1423
List the prime factors of 1696699.
101, 107, 157
What are the prime factors of 692990?
2, 5, 23, 131
List the prime factors of 3103145.
5, 29, 21401
List the prime factors of 564413.
223, 2531
What are the prime factors of 760484?
2, 190121
List the prime factors of 316934.
2, 107, 1481
What are the prime factors of 5135412?
2, 3, 427951
What are the prime factors of 17189497?
13, 37, 2749
List the prime factors of 806801.
806801
What are the prime factors of 756354?
2, 3, 37, 3407
List the prime factors of 876184.
2, 31, 3533
What are the prime factors of 108661?
7, 19, 43
List the prime factors of 6305802.
2, 3, 47, 59, 379
What are the prime factors of 664195?
5, 7, 2711
What are the prime factors of 5753479?
5753479
List the prime factors of 4016538.
2, 3, 227, 983
What are the prime factors of 97327?
97327
List the prime factors of 83493.
3, 9277
List the prime factors of 920738.
2, 7, 13, 5059
What are the prime factors of 1258972?
2, 11, 13, 31, 71
What are the prime factors of 220153?
19, 11587
What are the prime factors of 224042?
2, 7, 13, 1231
What are the prime factors of 728106?
2, 3, 121351
List the prime factors of 683995.
5, 13, 17, 619
List the prime factors of 12066423.
3, 41, 98101
List the prime factors of 270715.
5, 29, 1867
What are the prime factors of 120311?
31, 3881
What are the prime factors of 951585?
3, 5, 63439
List the prime factors of 2866553.
2866553
What are the prime factors of 1284770?
2, 5, 128477
List the prime factors of 312773.
312773
What are the prime factors of 586838?
2, 7, 167, 251
What are the prime factors of 3368306?
2, 83, 103, 197
List the prime factors of 331378.
2, 223, 743
List the prime factors of 219345.
3, 5, 7, 2089
List the prime factors of 6805109.
6805109
What are the prime factors of 324377?
17, 19081
List the prime factors of 858724.
2, 19, 11299
What are the prime factors of 2636358?
2, 3, 89, 4937
List the prime factors of 2949801.
3, 983267
What are the prime factors of 8011012?
2, 17, 117809
What are the prime factors of 253483?
23, 103, 107
List the prime factors of 1616083.
7, 19, 29, 419
List the prime factors of 24435071.
73, 334727
What are the prime factors of 1506274?
2, 7, 11, 9781
What are the prime factors of 2473509?
3, 431, 1913
List the prime factors of 431445.
3, 5, 7, 587
List the prime factors of 4114076.
2, 911, 1129
List the prime factors of 18102224.
2, 7, 161627
List the prime factors of 291519.
3, 59, 61
List the prime factors of 2791246.
2, 1395623
What are the prime factors of 8004603?
3, 17, 31, 61, 83
What are the prime factors of 11514833?
11, 53, 19751
List the prime factors of 218244.
2, 3, 13, 1399
What are the prime factors of 958595?
5, 11, 29, 601
What are the prime factors of 573265?
5, 7, 11, 1489
What are the prime factors of 3183970?
2, 5, 191, 1667
List the prime factors of 2850320.
2, 5, 11, 41, 79
What are the prime factors of 9903807?
3, 19, 57917
List the prime factors of 818534.
2, 409267
List the prime factors of 834721.
834721
List the prime factors of 61420.
2, 5, 37, 83
List the prime factors of 7714159.
7714159
List the prime factors of 9914276.
2, 19, 73, 1787
List the prime factors of 175913.
43, 4091
What are the prime factors of 636113?
197, 3229
List the prime factors of 2281831.
2281831
List the prime factors of 26621631.
3, 1699, 1741
What are the prime factors of 2837903?
61, 46523
What are the prime factors of 9126483?
3, 3042161
What are the prime factors of 11197392?
2, 3, 233279
What are the prime factors of 2646478?
2, 43, 30773
List the prime factors of 7652095.
5, 11, 373
List the prime factors of 5223559.
11, 79, 6011
What are the prime factors of 136271?
29, 37, 127
List the prime factors of 3902938.
2, 13, 43, 3491
List the prime factors of 838970.
2, 5, 11, 29, 263
List the prime factors of 1093980.
2, 3, 5, 18233
What are the prime factors of 6265980?
2, 3, 5, 7, 4973
What are the prime factors of 279707?
279707
What are the prime factors of 4788531?
3, 11, 23, 701
What are the prime factors of 1690243?
127, 13309
What are the prime factors of 333071?
333071
List the prime factors of 563805.
3, 5, 11, 17, 67
List the prime factors of 405438.
2, 3, 11, 6143
What are the prime factors of 161845?
5, 32369
List the prime factors of 354333.
3, 7, 47, 359
What are the prime factors of 2614076?
2, 653519
What are the prime factors of 2293859?
23, 99733
What are the prime factors of 18224475?
3, 5, 43, 5651
List the prime factors of 34528470.
2, 3, 5, 1150949
What are the prime factors of 68060?
2, 5, 41, 83
List the prime factors of 1438132.
2, 17, 21149
List the prime factors of 225493.
225493
List the prime factors of 67630.
2, 5, 6763
List the prime factors of 452350.
2, 5, 83, 109
List the prime factors of 33263799.
3, 11087933
List the prime factors of 706125.
3, 5, 7, 269
List the prime factors of 7836205.
5, 13, 120557
What are the prime factors of 4218478?
2, 11, 191749
List the prime factors of 117049.
67, 1747
What are the prime factors of 393729?
3, 7, 18749
What are the prime factors of 911160?
2, 3, 5, 2531
What are the prime factors of 753155?
5, 13, 11587
What are the prime factors of 186127?
373, 499
What are the prime factors of 954605?
5, 190921
What are the prime factors of 33697208?
2, 23, 43, 4259
List the prime factors of 2372868.
2, 3, 127, 173
What are the prime factors of 2806121?
2806121
What are the prime factors of 18170482?
2, 11, 47, 17573
What are the prime factors of 5117260?
2, 5, 331, 773
What are the prime factors of 7454190?
2, 3, 5, 248473
What are the prime factors of 343050?
2, 3, 5, 2287
List the prime factors of 9438163.
7, 1348309
List the prime factors of 1750323.
3, 23, 25367
What are the prime factors of 433851?
3, 11, 13147
List the prime factors of 3565633.
61, 58453
What are the prime factors of 157873?
47, 3359
What are the prime factors of 3820?
2, 5, 191
What are the prime factors of 88012?
2, 22003
List the prime factors of 250841.
250841
What a